 2 + -2. Let f(w) = 2*w**2 - 3*w + 6. Let j(o) = o**2 - o + 1. Let k(i) = f(i) - 3*j(i). Determine k(c).
3
Let f(u) = u**2 - 1 + 5 - 11*u + 5*u. Let k be f(6). Let p(c) = -c + 2 - c + k*c. What is p(-4)?
-6
Let m = -10 + 15. Let w be 2/9 - 425/(-153). Let f(z) = -z + 9*z + 4 - 6*z**2 - w*z + z**3. Give f(m).
4
Let j(r) be the first derivative of r**2/2 - 10*r - 25. Calculate j(9).
-1
Let d(h) be the third derivative of 4*h**2 - 1/12*h**4 + 0*h - 1/30*h**5 + 0 + 1/3*h**3. Calculate d(-3).
-10
Let i(v) be the first derivative of 5*v**2/2 + 8. Determine i(2).
10
Let i(d) = 1. Let u(h) = h - 8. Let j(b) = -4*i(b) - u(b). Give j(6).
-2
Let r(w) = w**2 - 5*w + 1. Let o(z) = z - 2*z + 3 + z**2 - 2 + 2. Let c be o(3). Suppose 2*q = -1 + c. What is r(q)?
-3
Let h(a) be the third derivative of a**4/12 - 2*a**3/3 + 15*a**2. Give h(5).
6
Let u(l) = 3*l**3 - l**2 - 6*l. Let n(d) = d. Let k(a) = -6*n(a) - u(a). Let t = -1 + 4. Suppose -t*r + 14 = -5*q, -2*r + 3 = q - 2. Give k(q).
4
Let f(i) = -i**2 - 6. Suppose 4*z + 20 = 4*y, -y - z = 2*y + 5. Give f(y).
-6
Let t(k) = -k**3 - 12*k**2 - 18*k - 78. Let f be t(-11). Let v(w) = w**2 + w + 1. Let d(x) = x**2 + 2*x + 3. Let m(n) = -d(n) + 2*v(n). What is m(f)?
0
Let m be 78/5 + (-10)/(-25). Suppose s - m = -s. Let l(f) = -f + 5. Let y be l(s). Let z(t) = t**2 + 3*t + 4. Determine z(y).
4
Let n(c) = -2*c**2 + 3*c**2 + 3*c**2 + c**3 - 5*c. Let b = -9 - -4. Calculate n(b).
0
Let r(p) be the first derivative of 3*p**2 + 1 + 7 - 2*p**2. Calculate r(2).
4
Let k(p) = 5*p - 2. Let u(s) = 14*s - 5. Let l(g) = 11*k(g) - 4*u(g). Give l(4).
-6
Suppose -29 = -2*a + 7. Suppose 0 = -5*g + a + 7. Let s(h) be the third derivative of h**5/60 - 5*h**4/24 - h**3/3 + 6*h**2. Determine s(g).
-2
Let o(g) = -g**2 + 5. Let t(c) = -c**2 + c + 6. Let j(h) = 3*o(h) - 2*t(h). Let x = 50 + -48. Give j(x).
-5
Let x be 3 + -2 + 2 - 0. Suppose x*h + 6 = 2*h. Let l(z) = z**3 + 7*z**2 + 4*z - 6. Calculate l(h).
6
Let p(n) = n + 10 - 6 + 3. Suppose 2*a = -2*a. Give p(a).
7
Let w(h) be the third derivative of -h**5/30 + h**4/12 - h**3/3 - 10*h**2. Let k(o) = -o + 12. Let f be k(9). Determine w(f).
-14
Let l(a) = 2*a**3 - a**2 + a + 3*a**2 - 5*a**3. Let d(h) = h**3 - 7*h**2 + 9*h - 19. Let w be d(6). What is l(w)?
4
Let x = -5 + 18. Let r(k) = -x + 18 - 4*k - k**2 + k. Suppose -4*a - 15 = 1. Calculate r(a).
1
Let t(j) = -4 + 2 + 4*j**2 + 2 + j**3. Let h be -2 + -4 + 2 + 0. Calculate t(h).
0
Let w = -8 - -8. Suppose -l - 1 = -w*l. Let i(o) = -12*o - 1. What is i(l)?
11
Let p(x) be the third derivative of -1/12*x**5 + 6*x**2 - 1/120*x**6 + 0 + 2/3*x**3 + 0*x - 1/6*x**4. Calculate p(-4).
4
Let q(r) be the second derivative of r**5/20 + r**4/4 - r**3/3 - r**2/2 + 5*r. Calculate q(-3).
5
Let w(f) = 2*f + 1. Suppose -3*q + 22 = 5*v, -v + 12 = 2*q + v. Suppose q*b = 5*b + 11. Let a = b + 7. Give w(a).
-7
Let t(w) = w**2 + 12*w - 14. Suppose -4*n + 2*m = -n + 31, -3*n + 4*m = 23. Let b be t(n). Let g(x) = -x**2 - 2*x - 1. What is g(b)?
0
Let y(a) = -a**2 - 3*a + 2. Let j = 1 - 4. Let u = -1 - j. Let v be (-2 - u)*(-3)/(-4). Determine y(v).
2
Let a(y) be the first derivative of -y**3/3 - 4*y**2 - 7*y - 9. Calculate a(-6).
5
Let t(u) = u**2 - 2*u**2 - 2 - 3 + 6*u - 15*u. Calculate t(-4).
15
Let n(w) be the third derivative of -w**6/120 + w**5/20 - w**4/12 + 2*w**3/3 - 37*w**2. Determine n(3).
-2
Let m(o) = 5 - 2*o**2 + 2*o + 25*o**3 - 3 - 26*o**3. Give m(-3).
5
Let v(h) = 0*h**3 + 6 + 0 + 6*h - 3*h**2 - h**3. Suppose 8 = -2*y - 0. Determine v(y).
-2
Let v(j) = -j**3 - 3*j**2 + 4*j + 4. Let s = 27 + -41. Let n(z) = -z - 17. Let i be n(s). What is v(i)?
-8
Suppose 0 = 3*n - 0*n - 5*g + 7, 4*g = 5*n + 3. Let a(v) = v. Let s(b) = -12*b + 1. Let p(q) = -6*a(q) - s(q). Calculate p(n).
5
Let a(h) = 3*h + 1. Suppose -5*b = -10*b + 25. Suppose -3 = -3*n + 6. Suppose b*i = 2*u - 7, -u - 5*i = 1 + n. What is a(u)?
4
Suppose 3*f = -0*f - 18. Let h(x) = x - 1. Let t(z) = -z**2 - 9. Let b(o) = 6*h(o) - t(o). What is b(f)?
3
Let y(b) = -3*b**2 - b - 1. Let d(n) = -1. Let p(i) = 3*d(i) - y(i). Let x(u) = -u**3 + 6*u**2 - 1. Let z be x(6). Let s be z/5 - 18/10. What is p(s)?
8
Let q(u) be the third derivative of -2*u**2 + 0*u + 1/3*u**3 - 1/60*u**5 - 5/12*u**4 + 0. Let l be q(-10). Let i(d) = -3*d**2 + 2*d + 1. Determine i(l).
-7
Let f be (8/10)/((-4)/(-10)). Let b(a) = 0 + a**2 + 2*a + f*a**2 + 0*a - a**3 + 3. Determine b(3).
9
Let o be (-4 + 4 - 2)*1. Let s(t) = 2 + 3*t + 5*t**2 + 0*t**2 - 3*t**2. Give s(o).
4
Suppose -4*k - 5*s = -k - 1, 4*k - 6 = -2*s. Suppose 7*y = k*y - 30. Let g(l) = -l - 8. Give g(y).
-2
Let v(d) = d - 12. Let y = 74 + -69. What is v(y)?
-7
Let c(z) be the first derivative of z**2 + 6 + 0*z - 4/3*z**3. Determine c(2).
-12
Let c = 13 + -7. Let n(b) = b**3 + 5*b + 5*b**2 + c - 1 - 1 - 1. Let x be (-11)/3 + 2/(-6). Calculate n(x).
-1
Let w(r) = 7*r + 1. Let f(n) = n**3 + 5*n**2 + 4*n - 1. Let d be 2*(0 + 1 + 0). Suppose -d*m - 2*m = 16. Let j be f(m). Give w(j).
-6
Let u(b) = 12*b + 11*b - 16*b - 2*b**2. Calculate u(5).
-15
Let z(a) = a**3 - 6*a**2 + 4*a - 2. Suppose 3*i + 3*i - 30 = 0. Give z(i).
-7
Suppose 11 - 1 = 5*h. Let j(l) = -6*l**2 + 1 - l**3 + 0*l + 2*l**2 + h*l. What is j(-4)?
-7
Let o(z) = -z + 10. Let p be o(7). Suppose -3*f + 3*c - 12 = 0, 3 = -p*f + 4*c - 12. Let d(y) = 7*y - 1. Let i(h) = -h. Let a(m) = -d(m) - 5*i(m). What is a(f)?
3
Let p(u) = -u**3 - 6*u**2 + u + 7. Let z(q) = -q**3 + q**2 + q. Let m(f) = 2*f**3 - 9*f**2 - 2*f. Let r(d) = m(d) + 3*z(d). Let x be r(-6). Calculate p(x).
1
Let j(i) = -4*i**3 - i**2 + 2*i - 1. Let b(h) = -h**3 - 16*h**2 + 17*h + 1. Let p be b(-17). Determine j(p).
-4
Let n(w) = -w + 3. Let t be n(0). Let o(m) = -m**t - 4*m + 0*m + 5*m**2 - 4 + m. Let a be (-6 - -7)/((-2)/(-8)). What is o(a)?
0
Let i(c) = 3*c + 6. Let s be i(-4). Let n(o) = 13*o**2 + 32*o + 29. Let k(f) = -3*f**2 - 8*f - 7. Let v(b) = -9*k(b) - 2*n(b). Give v(s).
-7
Let v(g) = 4 + 2*g**2 + 3*g - 2*g + 8*g - 10*g. Let c(d) = -3*d**2 + 3*d - 9. Let r(p) = -3*c(p) - 5*v(p). Give r(-6).
-5
Let y(t) = -5*t**2 - 4*t + t**3 - 3 - 3 + t**2. Suppose 4*l + 8 = f, -4*f + 5*l + 3 = 4. Let o be (5/2)/((-2)/f). Calculate y(o).
-1
Let p(u) = -u**2 - 8*u - 4. Let y be p(-7). Let c(m) = -m**2 + 7*m + 2 + 0 - y. Calculate c(6).
5
Let p = -42 + 42. Let s(i) = i**2 + i. Let q(k) = k**2 + 2*k - 5. Let f(m) = -q(m) + 2*s(m). What is f(p)?
5
Let y(g) = -2*g**2 - 6*g - 2. Let p be (8/(-12))/((-2)/6). Let x be 18/(-3)*p/3. What is y(x)?
-10
Let i(o) = -36*o**2 + 19*o**2 + 7*o + 2 + 18*o**2. Determine i(-7).
2
Let d(t) be the second derivative of -t**7/140 - t**6/360 - t**5/120 + 2*t**3/3 - 5*t. Let o(n) be the second derivative of d(n). What is o(-1)?
6
Let d(i) = 6*i - 5*i**3 + 7*i**2 - 8 - 2*i**3 + 8*i**3. What is d(-6)?
-8
Let c(y) be the third derivative of -y**7/840 - y**6/90 + y**5/120 - 11*y**3/6 - 4*y**2. Let f(s) be the first derivative of c(s). Calculate f(-4).
-4
Let u(r) = 6*r**3 - r**2. Let t be u(-1). Let n(z) = z**2 + 6*z - 2. Give n(t).
5
Let p(b) = 7*b**3 - b**2 + b - 1. Let h be 4 + 3 + -7 - -1. Give p(h).
6
Let d(b) be the first derivative of 0*b + 0*b**5 - 1/60*b**6 - 1/3*b**3 + 0*b**2 + 2 - 1/24*b**4. Let q(s) be the third derivative of d(s). Give q(-1).
-7
Let u(b) = -b**2 - 5*b - 6. Let t(v) = 5*v**2 + 24*v + 30. Let l(a) = 2*t(a) + 11*u(a). Calculate l(-5).
4
Let s be 2/(12/4 + -1). Let r(p) = -11*p**2 + 2*p - 1. What is r(s)?
-10
Let v(s) = s**3 - 5*s**2 - 9*s + 9. Let x be 3 - (-1)/((-2)/(-6)). Determine v(x).
-9
Let t be 16/2*2/4. Suppose 4*h - 10 = -h. Let m(v) = 1 - 7*v - t + 0*v - 3 - v**h. Calculate m(-5).
4
Let c be (-1 + 3 - -4) + -1. Let u(h) = -4*h + 1. Let w(n) = -4*n + 1. Let y(r) = c*w(r) - 6*u(r). Give y(-1).
-5
Let f(g) = 4*g + g - 3*g. Suppose 2*a + 3*c = 21, -2*a = -3*a - 4*c + 23. What is f(a)?
6
Let j(u) be the third derivative of -u**6/30 - u**5/60 + u**3/6 + u**2. Let a(t) = -t + 11. Let x be a(10). Determine j(x).
-4
Let y(j) = j + 30 - 30. Determine y(-3).
-3
Let g(h) = h**3 + h**2 + h - 3. Suppose -4 = -2*z - 8. Let k = -2 - z. Calculate g(k).
-3
Let o(x) = -3*x - 6. Suppose -4*r + 14 = -6*r. Give o(r).
15
Let t(z) = 2*z + 9. Let g(l) = -l**3 - 4*l**2 + 3. Let p be g(-3). Determine t(p).
-3
Let s be (-4)/((-3)/